e 0 = d*m - 45 - 60. What is the remainder when t is divided by m?
33
Suppose -4*j = j - 70. Calculate the remainder when (-6)/j + 366/21 is divided by 5.
2
Suppose 4*b - 9 = 19. Let p be 1 - ((-12)/(-4) - b). Suppose 220 - 88 = p*k + 3*u, -k + 20 = -u. What is the remainder when 45 is divided by k?
21
Let p = 77 - 40. Let a(r) = -13*r**2 - 14 - 4*r**3 - r**3 + 14*r + 5*r**3 + r**3. Calculate the remainder when p is divided by a(12).
7
Suppose 0*b + 4*p + 513 = -b, -5*b + p - 2586 = 0. Calculate the remainder when 59 is divided by b/(-33) - (-4)/(-6).
14
Let f(o) = -6*o + 30. Let w(i) = -i**3 + 4*i**2 + 4. Suppose 2*m - x = -3*m + 19, 0 = -x + 1. Calculate the remainder when f(4) is divided by w(m).
2
Calculate the remainder when 141 is divided by (-3 + 6 - -1)/(2/12).
21
Let u = 944 - 850. What is the remainder when u is divided by 42?
10
Let l = 112 + 620. Calculate the remainder when 26 is divided by l/84 - (-1)/(-7)*-2.
8
Suppose -p + 2*p + 26 = y, -90 = -5*y - 3*p. What is the remainder when 97 is divided by y?
13
Let n = -161 - -185. Calculate the remainder when 108 is divided by n.
12
Let h be 9*((-5)/3 + 2). Suppose -5 = 2*f + 2*n + h*n, -5*f = 2*n + 2. Suppose 63 = -f*k + 3*k. What is the remainder when 60 is divided by k?
18
Calculate the remainder when (-4)/12 - (6560/(-15) - 0) is divided by 40.
37
Let f(b) = b**3 - 2*b**2 + 5*b - 27. Suppose 0*s + s = 172. What is the remainder when s is divided by f(4)?
22
Let x(v) = v**2 - 4*v + 5. Suppose 0 = -6*n + n + 40. Calculate the remainder when x(8) is divided by n.
5
Suppose -4*b + 102 = -5*o - 22, 0 = 2*o - 8. Let j = -145 + 161. Let w = b - j. Calculate the remainder when 39 is divided by w.
19
Let q be (-9)/6 - ((-69)/(-2))/(-1). Suppose q - 34 = -j. Calculate the remainder when 4/14 + (-19)/(-7) is divided by j.
0
Let x = -159 - -161. Suppose 162 = x*m - 84. Calculate the remainder when m is divided by 18.
15
Let g = 16 + -8. Calculate the remainder when 191 is divided by g.
7
Let v be (2 + (-8)/(-5))*5. Let a = v + -10. Let u = 148 - 126. Calculate the remainder when u is divided by a.
6
Suppose 0 = -4*w + c + 112 + 31, -2*w + 94 = 4*c. Suppose 5*q + 2*v + w - 450 = 0, 3*v + 169 = 2*q. What is the remainder when q is divided by 28?
27
Let i(j) = -6*j**2 - 2 + 2 + 13*j**2 - 8*j + 4 - j**3. Let t be i(5). Calculate the remainder when 43 is divided by 206/t - 4/(-14).
13
Let a = -29 - -32. What is the remainder when a is divided by 5/15*(2 - -4)?
1
Suppose -4*d + 11 = 4*q - 5*d, -2*q - 12 = -4*d. Suppose -3*u + 36 = 2*k - 5*k, q*u - 49 = 5*k. Calculate the remainder when 129 is divided by u.
8
Let q be (-16)/36*(-7 - 2). Suppose q*r - 8 = 0, -5*h + 119 = -4*r + r. Calculate the remainder when h is divided by 6*3*(-1)/(-2).
7
Let z(j) = -j**2 - 2*j + 2. Suppose -20 + 8 = 3*c. Let v be z(c). Let m = v + 19. Calculate the remainder when 36 is divided by m.
10
Let b(n) = -5*n + 2. Let c(k) = -9*k + 3. Let y(x) = 5*b(x) - 3*c(x). Let i be 2/(9*(-8)/(-12))*3. Calculate the remainder when 4 is divided by y(i).
1
Suppose 2*n + 2 = -4*h, 5*n - 19 = 5*h + 2*n. Let t be (-4)/4 - 2/h. Suppose t = 8*v - 3*v - 55. Calculate the remainder when 54 is divided by v.
10
Let c = -367 + 422. Calculate the remainder when 987 is divided by c.
52
Let r(p) = 14*p**2 + 92*p + 365. What is the remainder when r(-4) is divided by 38?
31
Suppose 3*g = 5*h - 226 - 124, -210 = -3*h + 4*g. Suppose 85*p = 95*p - 180. Calculate the remainder when h is divided by p.
16
Let m(c) = c**3 + 7*c**2 + 9. Let q be m(-7). Let u = q + -8. Calculate the remainder when 1 - u - (-92)/4 is divided by 13.
10
Suppose 12*r - 8*r = 8. Suppose 0 = 5*x - 3*d - 47, 23 = 3*x + r*x + 3*d. What is the remainder when 32 is divided by x?
4
Suppose 5*s = -5*h - 715, 2*s + 3*s + 745 = h. Let i(y) = -41*y + 5. Let m be i(6). Let r = s - m. What is the remainder when r is divided by 24?
21
Let o = 14 - -16. Suppose -n - 4 = n. What is the remainder when n/((-6)/(-3)) - -60 is divided by o?
29
Let k = -15 + 11. Calculate the remainder when 3208/104 + k/(-26) is divided by 11.
9
Let j = 230 + -224. What is the remainder when 172 is divided by j?
4
Let f = -143 + 163. Let b(l) = 12*l + 2*l - 6 + 0*l. What is the remainder when b(6) is divided by f?
18
Suppose -20*p = -23*p + 57. Let g = 47 - p. Calculate the remainder when g is divided by 15.
13
Suppose 26*v - 22*v - 48 = 0. Let w(q) = -4*q**2 + q**3 + 2 + q + 3*q**2 - 3*q**2. What is the remainder when w(5) is divided by v?
8
Let x(m) be the first derivative of 3*m + 3*m**2 - 5 + 2*m**2 - 8*m**2. Calculate the remainder when x(-5) is divided by 17.
16
Suppose 3*b + 508 = -10*r + 12*r, -r + 5*b + 247 = 0. Calculate the remainder when r is divided by 10.
7
Let s = 62 - -18. Suppose -4*r + s = 24. Let p(y) = -26*y + 3. What is the remainder when p(-3) is divided by r?
11
Suppose 5*u - 3*j - 15 = 0, 3*u - 4*j = 4 + 16. Let b be -4 - ((u - -1) + -37). Let r = b + -21. Calculate the remainder when r is divided by 3.
2
Let d = 14 - 6. Let o = 2482 + -2459. Calculate the remainder when o is divided by d.
7
Suppose 5*j = 129 - 29. What is the remainder when 56 is divided by (3*j/(-24))/((-2)/12)?
11
Suppose -y = 3*l - 244, 4*l + 28*y - 25*y = 332. Calculate the remainder when 1037 is divided by l.
77
Suppose 3*n + 6 = 6*n. Suppose c - s + 3 = n, 3*s - 31 = -4*c. Calculate the remainder when 6 is divided by c.
2
Let g(x) = -x**2 - 8*x + 10. Let b be g(-9). Let d(u) be the second derivative of u**3/2 - u**2/2 + 10*u. What is the remainder when d(b) is divided by 2?
0
Let t(f) = 5*f + 152. What is the remainder when 725 is divided by t(-26)?
21
Suppose -3*z - 4 + 7 = 0. Suppose -q = -3 - z. Suppose -84 = -q*s + 2*s. What is the remainder when s is divided by 11?
9
Let t(j) = 20*j + 12*j + 13*j - 47*j + 85. Calculate the remainder when t(0) is divided by 22.
19
Let q(y) = -y**2 - 9*y + 13. Let o(g) = -2*g**2 - 19*g + 27. Let c(d) = 4*o(d) - 9*q(d). Let n = -68 - -112. Calculate the remainder when n is divided by c(-8).
14
Let w(f) = -2*f**2 - 27*f - 13. Calculate the remainder when 50 is divided by w(-12).
4
Let h(t) be the first derivative of -5*t**2 + 8*t - 1. Calculate the remainder when h(-4) is divided by 25.
23
Suppose -4*j + 1 = -7. Let t be 1 - (j + 11 + 2). Let q = 1 - t. What is the remainder when 28 is divided by q?
13
Let n = 29 + -18. Suppose -3*h = -2*a - 0*h + n, -4*a = -5*h - 27. Calculate the remainder when 34 is divided by a.
8
Suppose -5*k = -2*l - 118, 6*k + 8 = 8*k. Calculate the remainder when 193 is divided by (-108)/(-7) + 21/l.
13
Let z(l) = 2*l**2 - 29*l + 1. Let g(f) = 3*f**2 - 44*f + 2. Let m(x) = 5*g(x) - 8*z(x). Calculate the remainder when m(6) is divided by 10.
8
Suppose -3 = 3*f, 2*d - 3*f + 8 = 21. What is the remainder when 34 is divided by d?
4
Suppose 9*p = -97 + 178. What is the remainder when 33 is divided by p?
6
Suppose 28*q - 2727 = -73*q. What is the remainder when 46 is divided by q?
19
What is the remainder when 81 is divided by (-1)/(-4) + 3586/88?
40
Let c(t) = -t**3 + 6*t**2 + 7*t - 7. Let p be c(7). Suppose -h + 42 = -l, -5*l - 36 = -h - l. What is the remainder when h is divided by (-107)/p + 2/(-7)?
14
Suppose 2*f + 0*f + 926 = 5*i, -4*i - 2*f = -748. Calculate the remainder when i is divided by 36.
6
Suppose -j = -0*j + 5, -5*x = j - 615. Calculate the remainder when x is divided by 9.
7
Suppose 4*l + 5 - 13 = 0. Suppose h = -l*h + 6. Let s = 10 - h. Calculate the remainder when 13 is divided by s.
5
Suppose -5*n + 592 = -4*v, -2*n + 297 = 5*v + 80. What is the remainder when n is divided by 32?
20
Let q(y) = -2*y**2 + 0*y**2 - y + 5 + 3*y**2. Let i be q(0). Suppose -2*a + t = -39, -a - i*t = -3*a + 59. What is the remainder when a is divided by 10?
7
Let z be (-334)/8 - 6/24. Let t be 177/21 + (-24)/z. Suppose 5*m - 41 = t. Calculate the remainder when 28 is divided by m.
8
Calculate the remainder when -3 + (-38)/171 + 13144/18 is divided by 81.
79
Let j = 2162 + -2060. What is the remainder when 506 is divided by j?
98
Let a = 144 - 30. What is the remainder when 566 is divided by a?
110
Let l = 107 - -149. What is the remainder when l is divided by 37?
34
Let l(m) = 22*m**3 + m. What is the remainder when 74 + (7 + 9)/(4/(-2)) is divided by l(1)?
20
Sup